{"id":396,"date":"2025-04-24T11:20:58","date_gmt":"2025-04-24T11:20:58","guid":{"rendered":"https:\/\/anaespiritosanto.pt\/?page_id=396"},"modified":"2025-04-24T11:22:47","modified_gmt":"2025-04-24T11:22:47","slug":"manchas","status":"publish","type":"page","link":"https:\/\/anaespiritosanto.pt\/?page_id=396","title":{"rendered":"Manchas"},"content":{"rendered":"\n<p class=\"has-poppins-font-family\">As manchas s\u00e3o altera\u00e7\u00f5es de pigmenta\u00e7\u00e3o da pele. S\u00e3o muito comuns e est\u00e3o entre as maiores preocupa\u00e7\u00f5es est\u00e9ticas que justificam o tratamento.<br><br>Podem ser mais escuras que a pele normal (hiperpigmenta\u00e7\u00e3o) ou mais claras (hipopigmenta\u00e7\u00e3o), consequ\u00eancia de altera\u00e7\u00f5es pigmentares que resultam do excesso ou deficiente fixa\u00e7\u00e3o de melanina.<br><br>O melasma s\u00e3o manchas acastanhadas que aparecem predominantemente em \u00e1reas do rosto expostas ao sol como zona malar, testa e l\u00e1bio superior . O problema surge por influ\u00eancia de factores gen\u00e9ticos, gravidez, &nbsp;exposi\u00e7\u00e3o excessiva ao sol, altera\u00e7\u00f5es hormonais ou uso de anti-concepcionais. As manchas podem tornar-se incomodativas, principalmente quando est\u00e3o em zonas bastante visiveis, como no rosto.<br>O recurso ao uso de maquilhagem ou cremes n\u00e3o \u00e9 eficaz para resolver este problema.<br>O tratamento das mancha<strong>s<\/strong>&nbsp;do rosto \u00e9 um tratamento demorado e que exige a persist\u00eancia necess\u00e1ria para levar o tratamento at\u00e9 ao fim.<\/p>\n\n\n\n<p class=\"has-poppins-font-family\">Os tratamentos de elei\u00e7\u00e3o que ajudam a resolver este problema:\u00a0<strong>Microdermoabras\u00e3o,\u00a0<a href=\"https:\/\/anaespiritosanto.pt\/?page_id=208\">Laserterapia<\/a><\/strong>.<\/p>\n\n\n\n<p class=\"has-poppins-font-family\"><\/p>\n\n\n\n<p><\/p>\n\n\n\n<h2 class=\"wp-block-heading\">Objetivos do Tratamento de Manchas:<\/h2>\n\n\n\n<ul class=\"wp-block-list\">\n<li class=\"has-poppins-font-family\">Eliminar volume de gordura Localizada<\/li>\n\n\n\n<li class=\"has-poppins-font-family\">Esculpir a silhueta<\/li>\n\n\n\n<li class=\"has-poppins-font-family\">Melhor alternativa n\u00e3o-cir\u00fargica<\/li>\n<\/ul>\n\n\n\n<div class=\"wp-block-group is-layout-grid wp-container-core-group-is-layout-988b637e wp-block-group-is-layout-grid\">\n<div class=\"wp-block-group is-layout-grid wp-container-core-group-is-layout-478b6e6b wp-block-group-is-layout-grid\">\n<p class=\"has-poppins-font-family\"><strong>DURA\u00c7\u00c3O DA SESS\u00c3O<\/strong>: 50 a 60 min<\/p>\n<\/div>\n\n\n\n<div class=\"wp-block-group is-layout-grid wp-container-core-group-is-layout-478b6e6b wp-block-group-is-layout-grid\">\n<p class=\"has-poppins-font-family\"><strong>N\u00daMERO DE SESS\u00d5ES<\/strong>: mediante a avalia\u00e7\u00e3o, 1 x por semana ou 15\/15 dias<\/p>\n<\/div>\n<\/div>\n\n\n\n<p class=\"has-poppins-font-family\"><strong><a href=\"https:\/\/anaespiritosanto.pt\/\">Voltar ao in\u00edcio<\/a><\/strong><\/p>\n","protected":false},"excerpt":{"rendered":"<p>As manchas s\u00e3o altera\u00e7\u00f5es de pigmenta\u00e7\u00e3o da pele. S\u00e3o muito comuns e est\u00e3o entre as maiores preocupa\u00e7\u00f5es est\u00e9ticas que justificam o tratamento. Podem ser mais escuras que a pele normal (hiperpigmenta\u00e7\u00e3o) ou mais claras (hipopigmenta\u00e7\u00e3o), consequ\u00eancia de altera\u00e7\u00f5es pigmentares que resultam do excesso ou deficiente fixa\u00e7\u00e3o de melanina. O melasma s\u00e3o manchas acastanhadas que aparecem [&hellip;]<\/p>\n","protected":false},"author":1,"featured_media":399,"parent":0,"menu_order":0,"comment_status":"closed","ping_status":"closed","template":"","meta":{"footnotes":""},"class_list":["post-396","page","type-page","status-publish","has-post-thumbnail","hentry"],"yoast_head":"<!-- This site is optimized with the Yoast SEO plugin v24.7 - https:\/\/yoast.com\/wordpress\/plugins\/seo\/ -->\n<title>Manchas - Ana Esp\u00edrito Santo, Healthcare<\/title>\n<meta name=\"description\" content=\"Manchas: Como prevenir? Como tratar? Protetor solar durante todo o ano. Dermoesfolia\u00e7\u00e3o, peeling quimico, laser terapia.\" \/>\n<meta name=\"robots\" content=\"index, follow, max-snippet:-1, max-image-preview:large, max-video-preview:-1\" \/>\n<link rel=\"canonical\" href=\"https:\/\/anaespiritosanto.pt\/?page_id=396\" \/>\n<meta property=\"og:locale\" content=\"pt_PT\" \/>\n<meta property=\"og:type\" content=\"article\" \/>\n<meta property=\"og:title\" content=\"Manchas - Ana Esp\u00edrito Santo, Healthcare\" \/>\n<meta property=\"og:description\" content=\"Manchas: Como prevenir? Como tratar? Protetor solar durante todo o ano. Dermoesfolia\u00e7\u00e3o, peeling quimico, laser terapia.\" \/>\n<meta property=\"og:url\" content=\"https:\/\/anaespiritosanto.pt\/?page_id=396\" \/>\n<meta property=\"og:site_name\" content=\"Ana Esp\u00edrito Santo, Healthcare\" \/>\n<meta property=\"article:modified_time\" content=\"2025-04-24T11:22:47+00:00\" \/>\n<meta property=\"og:image\" content=\"https:\/\/anaespiritosanto.pt\/wp-content\/uploads\/2025\/04\/20231005_181257.jpg\" \/>\n\t<meta property=\"og:image:width\" content=\"1045\" \/>\n\t<meta property=\"og:image:height\" content=\"1443\" \/>\n\t<meta property=\"og:image:type\" content=\"image\/jpeg\" \/>\n<meta name=\"twitter:card\" content=\"summary_large_image\" \/>\n<meta name=\"twitter:label1\" content=\"Est. reading time\" \/>\n\t<meta name=\"twitter:data1\" content=\"2 minutos\" \/>\n<script type=\"application\/ld+json\" class=\"yoast-schema-graph\">{\"@context\":\"https:\/\/schema.org\",\"@graph\":[{\"@type\":\"WebPage\",\"@id\":\"https:\/\/anaespiritosanto.pt\/?page_id=396\",\"url\":\"https:\/\/anaespiritosanto.pt\/?page_id=396\",\"name\":\"Manchas - Ana Esp\u00edrito Santo, Healthcare\",\"isPartOf\":{\"@id\":\"https:\/\/anaespiritosanto.pt\/#website\"},\"primaryImageOfPage\":{\"@id\":\"https:\/\/anaespiritosanto.pt\/?page_id=396#primaryimage\"},\"image\":{\"@id\":\"https:\/\/anaespiritosanto.pt\/?page_id=396#primaryimage\"},\"thumbnailUrl\":\"https:\/\/anaespiritosanto.pt\/wp-content\/uploads\/2025\/04\/20231005_181257.jpg\",\"datePublished\":\"2025-04-24T11:20:58+00:00\",\"dateModified\":\"2025-04-24T11:22:47+00:00\",\"description\":\"Manchas: Como prevenir? Como tratar? Protetor solar durante todo o ano. Dermoesfolia\u00e7\u00e3o, peeling quimico, laser terapia.\",\"breadcrumb\":{\"@id\":\"https:\/\/anaespiritosanto.pt\/?page_id=396#breadcrumb\"},\"inLanguage\":\"pt-PT\",\"potentialAction\":[{\"@type\":\"ReadAction\",\"target\":[\"https:\/\/anaespiritosanto.pt\/?page_id=396\"]}]},{\"@type\":\"ImageObject\",\"inLanguage\":\"pt-PT\",\"@id\":\"https:\/\/anaespiritosanto.pt\/?page_id=396#primaryimage\",\"url\":\"https:\/\/anaespiritosanto.pt\/wp-content\/uploads\/2025\/04\/20231005_181257.jpg\",\"contentUrl\":\"https:\/\/anaespiritosanto.pt\/wp-content\/uploads\/2025\/04\/20231005_181257.jpg\",\"width\":1045,\"height\":1443},{\"@type\":\"BreadcrumbList\",\"@id\":\"https:\/\/anaespiritosanto.pt\/?page_id=396#breadcrumb\",\"itemListElement\":[{\"@type\":\"ListItem\",\"position\":1,\"name\":\"In\u00edcio\",\"item\":\"https:\/\/anaespiritosanto.pt\/\"},{\"@type\":\"ListItem\",\"position\":2,\"name\":\"Manchas\"}]},{\"@type\":\"WebSite\",\"@id\":\"https:\/\/anaespiritosanto.pt\/#website\",\"url\":\"https:\/\/anaespiritosanto.pt\/\",\"name\":\"Ana Esp\u00edrito Santo, Healthcare\",\"description\":\"Enferemeira\",\"publisher\":{\"@id\":\"https:\/\/anaespiritosanto.pt\/#organization\"},\"potentialAction\":[{\"@type\":\"SearchAction\",\"target\":{\"@type\":\"EntryPoint\",\"urlTemplate\":\"https:\/\/anaespiritosanto.pt\/?s={search_term_string}\"},\"query-input\":{\"@type\":\"PropertyValueSpecification\",\"valueRequired\":true,\"valueName\":\"search_term_string\"}}],\"inLanguage\":\"pt-PT\"},{\"@type\":\"Organization\",\"@id\":\"https:\/\/anaespiritosanto.pt\/#organization\",\"name\":\"Ana Esp\u00edrito Santo, Healthcare\",\"url\":\"https:\/\/anaespiritosanto.pt\/\",\"logo\":{\"@type\":\"ImageObject\",\"inLanguage\":\"pt-PT\",\"@id\":\"https:\/\/anaespiritosanto.pt\/#\/schema\/logo\/image\/\",\"url\":\"https:\/\/anaespiritosanto.pt\/wp-content\/uploads\/2025\/03\/Ana-Luisa-1-1-300x300-1.png\",\"contentUrl\":\"https:\/\/anaespiritosanto.pt\/wp-content\/uploads\/2025\/03\/Ana-Luisa-1-1-300x300-1.png\",\"width\":300,\"height\":300,\"caption\":\"Ana Esp\u00edrito Santo, Healthcare\"},\"image\":{\"@id\":\"https:\/\/anaespiritosanto.pt\/#\/schema\/logo\/image\/\"}}]}<\/script>\n<!-- \/ Yoast SEO plugin. -->","yoast_head_json":{"title":"Manchas - Ana Esp\u00edrito Santo, Healthcare","description":"Manchas: Como prevenir? Como tratar? Protetor solar durante todo o ano. Dermoesfolia\u00e7\u00e3o, peeling quimico, laser terapia.","robots":{"index":"index","follow":"follow","max-snippet":"max-snippet:-1","max-image-preview":"max-image-preview:large","max-video-preview":"max-video-preview:-1"},"canonical":"https:\/\/anaespiritosanto.pt\/?page_id=396","og_locale":"pt_PT","og_type":"article","og_title":"Manchas - Ana Esp\u00edrito Santo, Healthcare","og_description":"Manchas: Como prevenir? Como tratar? Protetor solar durante todo o ano. Dermoesfolia\u00e7\u00e3o, peeling quimico, laser terapia.","og_url":"https:\/\/anaespiritosanto.pt\/?page_id=396","og_site_name":"Ana Esp\u00edrito Santo, Healthcare","article_modified_time":"2025-04-24T11:22:47+00:00","og_image":[{"width":1045,"height":1443,"url":"https:\/\/anaespiritosanto.pt\/wp-content\/uploads\/2025\/04\/20231005_181257.jpg","type":"image\/jpeg"}],"twitter_card":"summary_large_image","twitter_misc":{"Est. reading time":"2 minutos"},"schema":{"@context":"https:\/\/schema.org","@graph":[{"@type":"WebPage","@id":"https:\/\/anaespiritosanto.pt\/?page_id=396","url":"https:\/\/anaespiritosanto.pt\/?page_id=396","name":"Manchas - Ana Esp\u00edrito Santo, Healthcare","isPartOf":{"@id":"https:\/\/anaespiritosanto.pt\/#website"},"primaryImageOfPage":{"@id":"https:\/\/anaespiritosanto.pt\/?page_id=396#primaryimage"},"image":{"@id":"https:\/\/anaespiritosanto.pt\/?page_id=396#primaryimage"},"thumbnailUrl":"https:\/\/anaespiritosanto.pt\/wp-content\/uploads\/2025\/04\/20231005_181257.jpg","datePublished":"2025-04-24T11:20:58+00:00","dateModified":"2025-04-24T11:22:47+00:00","description":"Manchas: Como prevenir? Como tratar? Protetor solar durante todo o ano. Dermoesfolia\u00e7\u00e3o, peeling quimico, laser terapia.","breadcrumb":{"@id":"https:\/\/anaespiritosanto.pt\/?page_id=396#breadcrumb"},"inLanguage":"pt-PT","potentialAction":[{"@type":"ReadAction","target":["https:\/\/anaespiritosanto.pt\/?page_id=396"]}]},{"@type":"ImageObject","inLanguage":"pt-PT","@id":"https:\/\/anaespiritosanto.pt\/?page_id=396#primaryimage","url":"https:\/\/anaespiritosanto.pt\/wp-content\/uploads\/2025\/04\/20231005_181257.jpg","contentUrl":"https:\/\/anaespiritosanto.pt\/wp-content\/uploads\/2025\/04\/20231005_181257.jpg","width":1045,"height":1443},{"@type":"BreadcrumbList","@id":"https:\/\/anaespiritosanto.pt\/?page_id=396#breadcrumb","itemListElement":[{"@type":"ListItem","position":1,"name":"In\u00edcio","item":"https:\/\/anaespiritosanto.pt\/"},{"@type":"ListItem","position":2,"name":"Manchas"}]},{"@type":"WebSite","@id":"https:\/\/anaespiritosanto.pt\/#website","url":"https:\/\/anaespiritosanto.pt\/","name":"Ana Esp\u00edrito Santo, Healthcare","description":"Enferemeira","publisher":{"@id":"https:\/\/anaespiritosanto.pt\/#organization"},"potentialAction":[{"@type":"SearchAction","target":{"@type":"EntryPoint","urlTemplate":"https:\/\/anaespiritosanto.pt\/?s={search_term_string}"},"query-input":{"@type":"PropertyValueSpecification","valueRequired":true,"valueName":"search_term_string"}}],"inLanguage":"pt-PT"},{"@type":"Organization","@id":"https:\/\/anaespiritosanto.pt\/#organization","name":"Ana Esp\u00edrito Santo, Healthcare","url":"https:\/\/anaespiritosanto.pt\/","logo":{"@type":"ImageObject","inLanguage":"pt-PT","@id":"https:\/\/anaespiritosanto.pt\/#\/schema\/logo\/image\/","url":"https:\/\/anaespiritosanto.pt\/wp-content\/uploads\/2025\/03\/Ana-Luisa-1-1-300x300-1.png","contentUrl":"https:\/\/anaespiritosanto.pt\/wp-content\/uploads\/2025\/03\/Ana-Luisa-1-1-300x300-1.png","width":300,"height":300,"caption":"Ana Esp\u00edrito Santo, Healthcare"},"image":{"@id":"https:\/\/anaespiritosanto.pt\/#\/schema\/logo\/image\/"}}]}},"_links":{"self":[{"href":"https:\/\/anaespiritosanto.pt\/index.php?rest_route=\/wp\/v2\/pages\/396","targetHints":{"allow":["GET"]}}],"collection":[{"href":"https:\/\/anaespiritosanto.pt\/index.php?rest_route=\/wp\/v2\/pages"}],"about":[{"href":"https:\/\/anaespiritosanto.pt\/index.php?rest_route=\/wp\/v2\/types\/page"}],"author":[{"embeddable":true,"href":"https:\/\/anaespiritosanto.pt\/index.php?rest_route=\/wp\/v2\/users\/1"}],"replies":[{"embeddable":true,"href":"https:\/\/anaespiritosanto.pt\/index.php?rest_route=%2Fwp%2Fv2%2Fcomments&post=396"}],"version-history":[{"count":1,"href":"https:\/\/anaespiritosanto.pt\/index.php?rest_route=\/wp\/v2\/pages\/396\/revisions"}],"predecessor-version":[{"id":397,"href":"https:\/\/anaespiritosanto.pt\/index.php?rest_route=\/wp\/v2\/pages\/396\/revisions\/397"}],"wp:featuredmedia":[{"embeddable":true,"href":"https:\/\/anaespiritosanto.pt\/index.php?rest_route=\/wp\/v2\/media\/399"}],"wp:attachment":[{"href":"https:\/\/anaespiritosanto.pt\/index.php?rest_route=%2Fwp%2Fv2%2Fmedia&parent=396"}],"curies":[{"name":"wp","href":"https:\/\/api.w.org\/{rel}","templated":true}]}}