{"id":341,"date":"2025-04-23T16:51:39","date_gmt":"2025-04-23T16:51:39","guid":{"rendered":"https:\/\/anaespiritosanto.pt\/?page_id=341"},"modified":"2025-04-23T17:07:18","modified_gmt":"2025-04-23T17:07:18","slug":"celulite","status":"publish","type":"page","link":"https:\/\/anaespiritosanto.pt\/?page_id=341","title":{"rendered":"Celulite"},"content":{"rendered":"\n<p class=\"has-poppins-font-family\">A celulite \u00e9 uma altera\u00e7\u00e3o cr\u00f3nica progressiva do tecido de gordura sob a pele. Esta altera\u00e7\u00e3o deve-se \u00e0 diminui\u00e7\u00e3o da microcircula\u00e7\u00e3o que provoca um aumento do tamanho dos adip\u00f3citos (c\u00e9lulas de gordura). Manifesta-se atrav\u00e9s de uma s\u00e9rie de modifica\u00e7\u00f5es est\u00e9ticas, tais como perda de tonicidade e de elasticidade, secura e estrias. Pode ou n\u00e3o estar associada \u00e0 obesidade, no entanto, o aumento de peso acentua a celulite, agravando-se mutuamente.<\/p>\n\n\n\n<p class=\"has-poppins-font-family\">Alguns fatores podem conduzir \u00e0 acumula\u00e7\u00e3o de l\u00edquidos e prote\u00ednas nas c\u00e9lulas de gordura: hereditariedade, aletar\u00e7\u00f5es hormonais, stress, sedentarismo e alimenta\u00e7\u00e3o inadquada.<\/p>\n\n\n\n<p class=\"has-poppins-font-family\">Ocorre uma modifica\u00e7\u00e3o da textura do tecido subcut\u00e2neo e, posteriormente, uma irregularidade da superf\u00edcie da pele, que leva ao aspecto visual de \u201ccasca de laranja\u201d.<\/p>\n\n\n\n<p class=\"has-poppins-font-family\">O tratamento da celulite \u00e9 realizado mediante as caracter\u00edsticas espec\u00edficas da cda pessoa e o grau do seu problema. Para cada caso cl\u00ednico \u00e9 tratado atrav\u00e9s de um programa din\u00e2mico e personalizado.<\/p>\n\n\n\n<p><\/p>\n\n\n\n<figure class=\"wp-block-gallery has-nested-images columns-default is-cropped wp-block-gallery-1 is-layout-flex wp-block-gallery-is-layout-flex\">\n<figure class=\"wp-block-image size-large\"><img loading=\"lazy\" decoding=\"async\" width=\"774\" height=\"960\" data-id=\"349\" src=\"https:\/\/anaespiritosanto.pt\/wp-content\/uploads\/2025\/04\/Celulite_pernas_depois.jpg\" alt=\"\" class=\"wp-image-349\" srcset=\"https:\/\/anaespiritosanto.pt\/wp-content\/uploads\/2025\/04\/Celulite_pernas_depois.jpg 774w, https:\/\/anaespiritosanto.pt\/wp-content\/uploads\/2025\/04\/Celulite_pernas_depois-242x300.jpg 242w, https:\/\/anaespiritosanto.pt\/wp-content\/uploads\/2025\/04\/Celulite_pernas_depois-768x953.jpg 768w\" sizes=\"auto, (max-width: 774px) 100vw, 774px\" \/><\/figure>\n\n\n\n<figure class=\"wp-block-image size-large\"><img loading=\"lazy\" decoding=\"async\" width=\"944\" height=\"960\" data-id=\"348\" src=\"https:\/\/anaespiritosanto.pt\/wp-content\/uploads\/2025\/04\/Celulite_pernas-_antes-1.jpg\" alt=\"\" class=\"wp-image-348\" srcset=\"https:\/\/anaespiritosanto.pt\/wp-content\/uploads\/2025\/04\/Celulite_pernas-_antes-1.jpg 944w, https:\/\/anaespiritosanto.pt\/wp-content\/uploads\/2025\/04\/Celulite_pernas-_antes-1-295x300.jpg 295w, https:\/\/anaespiritosanto.pt\/wp-content\/uploads\/2025\/04\/Celulite_pernas-_antes-1-768x781.jpg 768w\" sizes=\"auto, (max-width: 944px) 100vw, 944px\" \/><\/figure>\n<\/figure>\n\n\n\n<p><\/p>\n\n\n\n<h2 class=\"wp-block-heading\">Objetivos do tratamento da celulite<\/h2>\n\n\n\n<ul class=\"wp-block-list\">\n<li class=\"has-poppins-font-family\">Eliminar o aspeto casca de laranja;<\/li>\n\n\n\n<li class=\"has-poppins-font-family\">Melhorar o aspeto da pele;<\/li>\n\n\n\n<li class=\"has-poppins-font-family\">Tonificar a \u00e1rea <\/li>\n<\/ul>\n\n\n\n<div class=\"wp-block-group has-poppins-font-family is-layout-grid wp-container-core-group-is-layout-478b6e6b wp-block-group-is-layout-grid\">\n<p><strong>DURA\u00c7\u00c3O DA SESS\u00c3O<\/strong>: 50 a 60 min<\/p>\n\n\n\n<p><strong>N\u00daMERO DE SESS\u00d5ES<\/strong>: mediante a avalia\u00e7\u00e3o, 1 x por semana ou 15\/15 dias<\/p>\n\n\n\n<p><\/p>\n<\/div>\n\n\n\n<p class=\"has-poppins-font-family\"><strong><a href=\"https:\/\/anaespiritosanto.pt\/\">Voltar ao in\u00edcio<\/a><\/strong><\/p>\n","protected":false},"excerpt":{"rendered":"<p>A celulite \u00e9 uma altera\u00e7\u00e3o cr\u00f3nica progressiva do tecido de gordura sob a pele. Esta altera\u00e7\u00e3o deve-se \u00e0 diminui\u00e7\u00e3o da microcircula\u00e7\u00e3o que provoca um aumento do tamanho dos adip\u00f3citos (c\u00e9lulas de gordura). Manifesta-se atrav\u00e9s de uma s\u00e9rie de modifica\u00e7\u00f5es est\u00e9ticas, tais como perda de tonicidade e de elasticidade, secura e estrias. Pode ou n\u00e3o estar [&hellip;]<\/p>\n","protected":false},"author":1,"featured_media":343,"parent":0,"menu_order":0,"comment_status":"closed","ping_status":"closed","template":"","meta":{"footnotes":""},"class_list":["post-341","page","type-page","status-publish","has-post-thumbnail","hentry"],"yoast_head":"<!-- This site is optimized with the Yoast SEO plugin v24.7 - https:\/\/yoast.com\/wordpress\/plugins\/seo\/ -->\n<title>Celulite - Ana Esp\u00edrito Santo, Healthcare<\/title>\n<meta name=\"description\" content=\"Tratamento da celulite com elimina\u00e7\u00e3o do efeito casca de laranja. Melhora a textura da pele e confere aspeto mais tonificado.\" \/>\n<meta name=\"robots\" content=\"index, follow, max-snippet:-1, max-image-preview:large, max-video-preview:-1\" \/>\n<link rel=\"canonical\" href=\"https:\/\/anaespiritosanto.pt\/?page_id=341\" \/>\n<meta property=\"og:locale\" content=\"pt_PT\" \/>\n<meta property=\"og:type\" content=\"article\" \/>\n<meta property=\"og:title\" content=\"Celulite - Ana Esp\u00edrito Santo, Healthcare\" \/>\n<meta property=\"og:description\" content=\"Tratamento da celulite com elimina\u00e7\u00e3o do efeito casca de laranja. Melhora a textura da pele e confere aspeto mais tonificado.\" \/>\n<meta property=\"og:url\" content=\"https:\/\/anaespiritosanto.pt\/?page_id=341\" \/>\n<meta property=\"og:site_name\" content=\"Ana Esp\u00edrito Santo, Healthcare\" \/>\n<meta property=\"article:modified_time\" content=\"2025-04-23T17:07:18+00:00\" \/>\n<meta property=\"og:image\" content=\"https:\/\/anaespiritosanto.pt\/wp-content\/uploads\/2025\/04\/celulite-perna.jpg\" \/>\n\t<meta property=\"og:image:width\" content=\"1920\" \/>\n\t<meta property=\"og:image:height\" content=\"1080\" \/>\n\t<meta property=\"og:image:type\" content=\"image\/jpeg\" \/>\n<meta name=\"twitter:card\" content=\"summary_large_image\" \/>\n<meta name=\"twitter:label1\" content=\"Est. reading time\" \/>\n\t<meta name=\"twitter:data1\" content=\"2 minutos\" \/>\n<script type=\"application\/ld+json\" class=\"yoast-schema-graph\">{\"@context\":\"https:\/\/schema.org\",\"@graph\":[{\"@type\":\"WebPage\",\"@id\":\"https:\/\/anaespiritosanto.pt\/?page_id=341\",\"url\":\"https:\/\/anaespiritosanto.pt\/?page_id=341\",\"name\":\"Celulite - Ana Esp\u00edrito Santo, Healthcare\",\"isPartOf\":{\"@id\":\"https:\/\/anaespiritosanto.pt\/#website\"},\"primaryImageOfPage\":{\"@id\":\"https:\/\/anaespiritosanto.pt\/?page_id=341#primaryimage\"},\"image\":{\"@id\":\"https:\/\/anaespiritosanto.pt\/?page_id=341#primaryimage\"},\"thumbnailUrl\":\"https:\/\/anaespiritosanto.pt\/wp-content\/uploads\/2025\/04\/celulite-perna.jpg\",\"datePublished\":\"2025-04-23T16:51:39+00:00\",\"dateModified\":\"2025-04-23T17:07:18+00:00\",\"description\":\"Tratamento da celulite com elimina\u00e7\u00e3o do efeito casca de laranja. Melhora a textura da pele e confere aspeto mais tonificado.\",\"breadcrumb\":{\"@id\":\"https:\/\/anaespiritosanto.pt\/?page_id=341#breadcrumb\"},\"inLanguage\":\"pt-PT\",\"potentialAction\":[{\"@type\":\"ReadAction\",\"target\":[\"https:\/\/anaespiritosanto.pt\/?page_id=341\"]}]},{\"@type\":\"ImageObject\",\"inLanguage\":\"pt-PT\",\"@id\":\"https:\/\/anaespiritosanto.pt\/?page_id=341#primaryimage\",\"url\":\"https:\/\/anaespiritosanto.pt\/wp-content\/uploads\/2025\/04\/celulite-perna.jpg\",\"contentUrl\":\"https:\/\/anaespiritosanto.pt\/wp-content\/uploads\/2025\/04\/celulite-perna.jpg\",\"width\":1920,\"height\":1080,\"caption\":\"Celulite\"},{\"@type\":\"BreadcrumbList\",\"@id\":\"https:\/\/anaespiritosanto.pt\/?page_id=341#breadcrumb\",\"itemListElement\":[{\"@type\":\"ListItem\",\"position\":1,\"name\":\"In\u00edcio\",\"item\":\"https:\/\/anaespiritosanto.pt\/\"},{\"@type\":\"ListItem\",\"position\":2,\"name\":\"Celulite\"}]},{\"@type\":\"WebSite\",\"@id\":\"https:\/\/anaespiritosanto.pt\/#website\",\"url\":\"https:\/\/anaespiritosanto.pt\/\",\"name\":\"Ana Esp\u00edrito Santo, Healthcare\",\"description\":\"Enferemeira\",\"publisher\":{\"@id\":\"https:\/\/anaespiritosanto.pt\/#organization\"},\"potentialAction\":[{\"@type\":\"SearchAction\",\"target\":{\"@type\":\"EntryPoint\",\"urlTemplate\":\"https:\/\/anaespiritosanto.pt\/?s={search_term_string}\"},\"query-input\":{\"@type\":\"PropertyValueSpecification\",\"valueRequired\":true,\"valueName\":\"search_term_string\"}}],\"inLanguage\":\"pt-PT\"},{\"@type\":\"Organization\",\"@id\":\"https:\/\/anaespiritosanto.pt\/#organization\",\"name\":\"Ana Esp\u00edrito Santo, Healthcare\",\"url\":\"https:\/\/anaespiritosanto.pt\/\",\"logo\":{\"@type\":\"ImageObject\",\"inLanguage\":\"pt-PT\",\"@id\":\"https:\/\/anaespiritosanto.pt\/#\/schema\/logo\/image\/\",\"url\":\"https:\/\/anaespiritosanto.pt\/wp-content\/uploads\/2025\/03\/Ana-Luisa-1-1-300x300-1.png\",\"contentUrl\":\"https:\/\/anaespiritosanto.pt\/wp-content\/uploads\/2025\/03\/Ana-Luisa-1-1-300x300-1.png\",\"width\":300,\"height\":300,\"caption\":\"Ana Esp\u00edrito Santo, Healthcare\"},\"image\":{\"@id\":\"https:\/\/anaespiritosanto.pt\/#\/schema\/logo\/image\/\"}}]}<\/script>\n<!-- \/ Yoast SEO plugin. -->","yoast_head_json":{"title":"Celulite - Ana Esp\u00edrito Santo, Healthcare","description":"Tratamento da celulite com elimina\u00e7\u00e3o do efeito casca de laranja. Melhora a textura da pele e confere aspeto mais tonificado.","robots":{"index":"index","follow":"follow","max-snippet":"max-snippet:-1","max-image-preview":"max-image-preview:large","max-video-preview":"max-video-preview:-1"},"canonical":"https:\/\/anaespiritosanto.pt\/?page_id=341","og_locale":"pt_PT","og_type":"article","og_title":"Celulite - Ana Esp\u00edrito Santo, Healthcare","og_description":"Tratamento da celulite com elimina\u00e7\u00e3o do efeito casca de laranja. Melhora a textura da pele e confere aspeto mais tonificado.","og_url":"https:\/\/anaespiritosanto.pt\/?page_id=341","og_site_name":"Ana Esp\u00edrito Santo, Healthcare","article_modified_time":"2025-04-23T17:07:18+00:00","og_image":[{"width":1920,"height":1080,"url":"https:\/\/anaespiritosanto.pt\/wp-content\/uploads\/2025\/04\/celulite-perna.jpg","type":"image\/jpeg"}],"twitter_card":"summary_large_image","twitter_misc":{"Est. reading time":"2 minutos"},"schema":{"@context":"https:\/\/schema.org","@graph":[{"@type":"WebPage","@id":"https:\/\/anaespiritosanto.pt\/?page_id=341","url":"https:\/\/anaespiritosanto.pt\/?page_id=341","name":"Celulite - Ana Esp\u00edrito Santo, Healthcare","isPartOf":{"@id":"https:\/\/anaespiritosanto.pt\/#website"},"primaryImageOfPage":{"@id":"https:\/\/anaespiritosanto.pt\/?page_id=341#primaryimage"},"image":{"@id":"https:\/\/anaespiritosanto.pt\/?page_id=341#primaryimage"},"thumbnailUrl":"https:\/\/anaespiritosanto.pt\/wp-content\/uploads\/2025\/04\/celulite-perna.jpg","datePublished":"2025-04-23T16:51:39+00:00","dateModified":"2025-04-23T17:07:18+00:00","description":"Tratamento da celulite com elimina\u00e7\u00e3o do efeito casca de laranja. Melhora a textura da pele e confere aspeto mais tonificado.","breadcrumb":{"@id":"https:\/\/anaespiritosanto.pt\/?page_id=341#breadcrumb"},"inLanguage":"pt-PT","potentialAction":[{"@type":"ReadAction","target":["https:\/\/anaespiritosanto.pt\/?page_id=341"]}]},{"@type":"ImageObject","inLanguage":"pt-PT","@id":"https:\/\/anaespiritosanto.pt\/?page_id=341#primaryimage","url":"https:\/\/anaespiritosanto.pt\/wp-content\/uploads\/2025\/04\/celulite-perna.jpg","contentUrl":"https:\/\/anaespiritosanto.pt\/wp-content\/uploads\/2025\/04\/celulite-perna.jpg","width":1920,"height":1080,"caption":"Celulite"},{"@type":"BreadcrumbList","@id":"https:\/\/anaespiritosanto.pt\/?page_id=341#breadcrumb","itemListElement":[{"@type":"ListItem","position":1,"name":"In\u00edcio","item":"https:\/\/anaespiritosanto.pt\/"},{"@type":"ListItem","position":2,"name":"Celulite"}]},{"@type":"WebSite","@id":"https:\/\/anaespiritosanto.pt\/#website","url":"https:\/\/anaespiritosanto.pt\/","name":"Ana Esp\u00edrito Santo, Healthcare","description":"Enferemeira","publisher":{"@id":"https:\/\/anaespiritosanto.pt\/#organization"},"potentialAction":[{"@type":"SearchAction","target":{"@type":"EntryPoint","urlTemplate":"https:\/\/anaespiritosanto.pt\/?s={search_term_string}"},"query-input":{"@type":"PropertyValueSpecification","valueRequired":true,"valueName":"search_term_string"}}],"inLanguage":"pt-PT"},{"@type":"Organization","@id":"https:\/\/anaespiritosanto.pt\/#organization","name":"Ana Esp\u00edrito Santo, Healthcare","url":"https:\/\/anaespiritosanto.pt\/","logo":{"@type":"ImageObject","inLanguage":"pt-PT","@id":"https:\/\/anaespiritosanto.pt\/#\/schema\/logo\/image\/","url":"https:\/\/anaespiritosanto.pt\/wp-content\/uploads\/2025\/03\/Ana-Luisa-1-1-300x300-1.png","contentUrl":"https:\/\/anaespiritosanto.pt\/wp-content\/uploads\/2025\/03\/Ana-Luisa-1-1-300x300-1.png","width":300,"height":300,"caption":"Ana Esp\u00edrito Santo, Healthcare"},"image":{"@id":"https:\/\/anaespiritosanto.pt\/#\/schema\/logo\/image\/"}}]}},"_links":{"self":[{"href":"https:\/\/anaespiritosanto.pt\/index.php?rest_route=\/wp\/v2\/pages\/341","targetHints":{"allow":["GET"]}}],"collection":[{"href":"https:\/\/anaespiritosanto.pt\/index.php?rest_route=\/wp\/v2\/pages"}],"about":[{"href":"https:\/\/anaespiritosanto.pt\/index.php?rest_route=\/wp\/v2\/types\/page"}],"author":[{"embeddable":true,"href":"https:\/\/anaespiritosanto.pt\/index.php?rest_route=\/wp\/v2\/users\/1"}],"replies":[{"embeddable":true,"href":"https:\/\/anaespiritosanto.pt\/index.php?rest_route=%2Fwp%2Fv2%2Fcomments&post=341"}],"version-history":[{"count":4,"href":"https:\/\/anaespiritosanto.pt\/index.php?rest_route=\/wp\/v2\/pages\/341\/revisions"}],"predecessor-version":[{"id":352,"href":"https:\/\/anaespiritosanto.pt\/index.php?rest_route=\/wp\/v2\/pages\/341\/revisions\/352"}],"wp:featuredmedia":[{"embeddable":true,"href":"https:\/\/anaespiritosanto.pt\/index.php?rest_route=\/wp\/v2\/media\/343"}],"wp:attachment":[{"href":"https:\/\/anaespiritosanto.pt\/index.php?rest_route=%2Fwp%2Fv2%2Fmedia&parent=341"}],"curies":[{"name":"wp","href":"https:\/\/api.w.org\/{rel}","templated":true}]}}