{"id":280,"date":"2025-04-22T16:51:50","date_gmt":"2025-04-22T16:51:50","guid":{"rendered":"https:\/\/anaespiritosanto.pt\/?page_id=280"},"modified":"2025-04-22T18:13:20","modified_gmt":"2025-04-22T18:13:20","slug":"corpo","status":"publish","type":"page","link":"https:\/\/anaespiritosanto.pt\/?page_id=280","title":{"rendered":"Corpo"},"content":{"rendered":"\n<p class=\"has-poppins-font-family\">O corpo \u00e9 s\u00edmbolo de beleza, sa\u00fade e boa forma.<\/p>\n\n\n\n<p class=\"has-poppins-font-family\">Os cuidados pessoais do corpo privilegiam o seu bem-estar e a sua qualidade de vida! O corpo saud\u00e1vel \u00e9 um ponto de partida para mente s\u00e3! Em qualquer idade e em qualquer momento da vida \u00e9 importante respeitar o seu corpo e manter o equil\u00edbrio global para a manuten\u00e7\u00e3o da integridade, sa\u00fade e satisfa\u00e7\u00e3o psicossocial.<\/p>\n\n\n\n<p class=\"has-poppins-font-family\">As altera\u00e7\u00f5es que afetam a sua imagem corporal podem ser corrigidas com ajuste de alguns h\u00e1bitos de vida e com tratamentos personalizados. Tais altera\u00e7\u00f5es podem ser celulite, gordura localizada, excesso de peso, flacidez e estrias.<\/p>\n\n\n\n<p class=\"has-poppins-font-family\">N\u00e3o adie a mudan\u00e7a. Decida hoje viver uma vida cheia de sentido e autoaceita\u00e7\u00e3o!<\/p>\n\n\n\n<p class=\"has-poppins-font-family\">A primeira consulta \u00e9 gratuita e consiste em fazer a avalia\u00e7\u00e3o atrav\u00e9s da an\u00e1lise do seu caso particular &nbsp;e das suas caracter\u00edsticas para assim delinear o tratamento mais adequado que permitir\u00e1 &nbsp;atingir os seus objectivos. Nesta consulta poder\u00e1 colocar todas as suas d\u00favidas, expor as suas expectativas e conhecer todos os detalhes dos tratamentos.<\/p>\n\n\n\n<p><\/p>\n\n\n\n<p><\/p>\n\n\n\n<h2 class=\"wp-block-heading\">Celulite<\/h2>\n\n\n\n<p class=\"has-poppins-font-family\">A celulite \u00e9 uma altera\u00e7\u00e3o cr\u00f3nica progressiva do tecido de gordura sob a pele. Esta altera\u00e7\u00e3o deve-se \u00e0 diminui\u00e7\u00e3o da microcircula\u00e7\u00e3o que provoca um aumento do tamanho dos adip\u00f3citos (c\u00e9lulas de gordura). Manifesta-se atrav\u00e9s de uma s\u00e9rie de modifica\u00e7\u00f5es est\u00e9ticas, tais como perda de tonicidade e de elasticidade, secura e estrias. Pode ou n\u00e3o estar associada \u00e0 obesidade, no entanto, o aumento de peso acentua a celulite, agravando-se mutuamente.<\/p>\n\n\n\n<p class=\"has-poppins-font-family\">Alguns fatores podem conduzir \u00e0 acumula\u00e7\u00e3o de l\u00edquidos e prote\u00ednas nas c\u00e9lulas de gordura: hereditariedade, aletar\u00e7\u00f5es hormonais, stress, sedentarismo e alimenta\u00e7\u00e3o inadquada.<\/p>\n\n\n\n<p class=\"has-poppins-font-family\">Ocorre uma modifica\u00e7\u00e3o da textura do tecido subcut\u00e2neo e, posteriormente, uma irregularidade da superf\u00edcie da pele, que leva ao aspecto visual de &#8220;casca de laranja&#8221;.<\/p>\n\n\n\n<p class=\"has-poppins-font-family\">O tratamento da celulite \u00e9 realizado mediante as caracter\u00edsticas espec\u00edficas da cda pessoa e o grau do seu problema. Para cada caso cl\u00ednico \u00e9 tratado atrav\u00e9s de um programa din\u00e2mico e personalizado.<\/p>\n\n\n\n<p><\/p>\n\n\n\n<h2 class=\"wp-block-heading\">Flacidez<\/h2>\n\n\n\n<p class=\"has-poppins-font-family\">A partir dos 25 anos de idade, as fibras colag\u00e9nio e el\u00e1sticas t\u00eam sua produ\u00e7\u00e3o diminu\u00edda e come\u00e7a a ocorrer um processo de desestrutura\u00e7\u00e3o das mesmas. V\u00e1rios factores contribuem para acelerar este processo: tabagismo, sedentarismo, dist\u00farbios hormonais, gravidez, obesidade, emagrecimento importante num curto espa\u00e7o de tempo, entre outros que levam aos diversos graus de flacidez. Quanto mais precocemente for iniciado o tratamento melhores s\u00e3o os resultados obtidos. O objectivo \u00e9 potenciar o efeito refirmante, fortalecendo a estrutura da epiderme e aumentando a sua turgesc\u00eancia.<\/p>\n\n\n\n<p class=\"has-poppins-font-family\">Existem v\u00e1rios tratamentos profissionais que permitem uma abordagem \u00e0 flacidez de acordo com as caracter\u00edsticas de cada pessoa possibilitando um tratamento mais personalizado. <\/p>\n\n\n\n<p><\/p>\n\n\n\n<p><\/p>\n\n\n\n<h2 class=\"wp-block-heading\">Gordura Localizada<\/h2>\n\n\n\n<p class=\"has-poppins-font-family\">A Gordura ou tecido adiposo encontra-se espalhada em v\u00e1rias zonas do corpo. No homem tende a concentrar-se mais na barriga e na mulher na zona das coxas e cintura. \u00c9 uma consequ\u00eancia directa do excesso de peso deve-se a factores heredit\u00e1rios e hormonais, h\u00e1bitos alimentares desadequados, sedentarismo, stress e ansiedade.<\/p>\n\n\n\n<p class=\"has-poppins-font-family\">Em fun\u00e7\u00e3o das caracter\u00edsticas de cada pessoa, a gordura localizada deve ser tratada atrav\u00e9s de um programa din\u00e2mico e personalizado.<\/p>\n\n\n\n<p><\/p>\n\n\n\n<h2 class=\"wp-block-heading\">Estrias<\/h2>\n\n\n\n<p class=\"has-poppins-font-family\">As estrias representam uma das principais preocupa\u00e7\u00f5es das mulheres. S\u00e3o les\u00f5es decorrentes do rompimento das fibras el\u00e1sticas da pele que ocorrem pela distens\u00e3o exagerada. \u00c9 comum o surgimento na puberdade decorrente do crescimento acelerado nesta fase da vida, assim como na obesidade e na gravidez.<\/p>\n\n\n\n<p class=\"has-poppins-font-family\">Uma hidrata\u00e7\u00e3o di\u00e1ria pode ajudar a prevenir e a amenizar as estrias, desde que os cremes contenham subst\u00e2ncias activas com estas propriedades. \u00c9 igualmente importante a ingest\u00e3o de \u00e1gua diariamente para manter toda a superf\u00edcie corporal hidratada.<\/p>\n\n\n\n<p class=\"has-poppins-font-family\">O tratamento visa melhorar o aspecto est\u00e9tico estimulando a forma\u00e7\u00e3o de colag\u00e9nio nas \u00e1reas mais afectadas. A solu\u00e7\u00e3o mais indicada e que lhe pode oferecer resultados muito satisfat\u00f3rios \u00e9 o microdermoabras\u00e3o e laserterapia. Estes tratamentos permite regularizar a superf\u00edcie da pele e devolver-lhe uniformidade.<\/p>\n\n\n\n<p><\/p>\n\n\n\n<h2 class=\"wp-block-heading\">Recupera\u00e7\u00e3o p\u00f3s parto<\/h2>\n\n\n\n<p class=\"has-poppins-font-family\">Depois do parto, o reencontro com o seu corpo e a sua autoestima implica um resgate importante. <\/p>\n\n\n\n<p class=\"has-poppins-font-family\">\u00c9 necess\u00e1ria uma avalia\u00e7\u00e3o cuidada para orientar a melhor abordagem no sentido de recuperar todo o soalho p\u00e9lvico e corpo da mulher. <\/p>\n\n\n\n<p class=\"has-poppins-font-family\">Os problemas que mais surgem s\u00e3o celulite e gordura localizada, flacidez, cicatriz, estrias, incontin\u00eancia urin\u00e1ria e altera\u00e7\u00e3o genital.  <\/p>\n\n\n\n<p><\/p>\n\n\n\n<p class=\"has-poppins-font-family\"><a href=\"https:\/\/anaespiritosanto.pt\/\"><strong>Voltar ao in\u00edcio<\/strong><\/a><\/p>\n\n\n\n<p class=\"has-poppins-font-family\"><br><\/p>\n","protected":false},"excerpt":{"rendered":"<p>O corpo \u00e9 s\u00edmbolo de beleza, sa\u00fade e boa forma. Os cuidados pessoais do corpo privilegiam o seu bem-estar e a sua qualidade de vida! O corpo saud\u00e1vel \u00e9 um ponto de partida para mente s\u00e3! Em qualquer idade e em qualquer momento da vida \u00e9 importante respeitar o seu corpo e manter o equil\u00edbrio [&hellip;]<\/p>\n","protected":false},"author":1,"featured_media":308,"parent":0,"menu_order":0,"comment_status":"closed","ping_status":"closed","template":"","meta":{"footnotes":""},"class_list":["post-280","page","type-page","status-publish","has-post-thumbnail","hentry"],"yoast_head":"<!-- This site is optimized with the Yoast SEO plugin v24.7 - https:\/\/yoast.com\/wordpress\/plugins\/seo\/ -->\n<title>Corpo - Ana Esp\u00edrito Santo, Healthcare<\/title>\n<meta name=\"description\" content=\"Tratamentos de corpo para recupera\u00e7\u00e3o p\u00f3s-parto, incontin\u00eancia urin\u00e1ria, celulite, gordura localizada, flacidez, estrias.\" \/>\n<meta name=\"robots\" content=\"index, follow, max-snippet:-1, max-image-preview:large, max-video-preview:-1\" \/>\n<link rel=\"canonical\" href=\"https:\/\/anaespiritosanto.pt\/?page_id=280\" \/>\n<meta property=\"og:locale\" content=\"pt_PT\" \/>\n<meta property=\"og:type\" content=\"article\" \/>\n<meta property=\"og:title\" content=\"Corpo - Ana Esp\u00edrito Santo, Healthcare\" \/>\n<meta property=\"og:description\" content=\"Tratamentos de corpo para recupera\u00e7\u00e3o p\u00f3s-parto, incontin\u00eancia urin\u00e1ria, celulite, gordura localizada, flacidez, estrias.\" \/>\n<meta property=\"og:url\" content=\"https:\/\/anaespiritosanto.pt\/?page_id=280\" \/>\n<meta property=\"og:site_name\" content=\"Ana Esp\u00edrito Santo, Healthcare\" \/>\n<meta property=\"article:modified_time\" content=\"2025-04-22T18:13:20+00:00\" \/>\n<meta property=\"og:image\" content=\"https:\/\/anaespiritosanto.pt\/wp-content\/uploads\/2025\/04\/IMG-20250422-WA0003-1.jpg\" \/>\n\t<meta property=\"og:image:width\" content=\"922\" \/>\n\t<meta property=\"og:image:height\" content=\"1607\" \/>\n\t<meta property=\"og:image:type\" content=\"image\/jpeg\" \/>\n<meta name=\"twitter:card\" content=\"summary_large_image\" \/>\n<meta name=\"twitter:label1\" content=\"Est. reading time\" \/>\n\t<meta name=\"twitter:data1\" content=\"4 minutos\" \/>\n<script type=\"application\/ld+json\" class=\"yoast-schema-graph\">{\"@context\":\"https:\/\/schema.org\",\"@graph\":[{\"@type\":\"WebPage\",\"@id\":\"https:\/\/anaespiritosanto.pt\/?page_id=280\",\"url\":\"https:\/\/anaespiritosanto.pt\/?page_id=280\",\"name\":\"Corpo - Ana Esp\u00edrito Santo, Healthcare\",\"isPartOf\":{\"@id\":\"https:\/\/anaespiritosanto.pt\/#website\"},\"primaryImageOfPage\":{\"@id\":\"https:\/\/anaespiritosanto.pt\/?page_id=280#primaryimage\"},\"image\":{\"@id\":\"https:\/\/anaespiritosanto.pt\/?page_id=280#primaryimage\"},\"thumbnailUrl\":\"https:\/\/anaespiritosanto.pt\/wp-content\/uploads\/2025\/04\/IMG-20250422-WA0003-1.jpg\",\"datePublished\":\"2025-04-22T16:51:50+00:00\",\"dateModified\":\"2025-04-22T18:13:20+00:00\",\"description\":\"Tratamentos de corpo para recupera\u00e7\u00e3o p\u00f3s-parto, incontin\u00eancia urin\u00e1ria, celulite, gordura localizada, flacidez, estrias.\",\"breadcrumb\":{\"@id\":\"https:\/\/anaespiritosanto.pt\/?page_id=280#breadcrumb\"},\"inLanguage\":\"pt-PT\",\"potentialAction\":[{\"@type\":\"ReadAction\",\"target\":[\"https:\/\/anaespiritosanto.pt\/?page_id=280\"]}]},{\"@type\":\"ImageObject\",\"inLanguage\":\"pt-PT\",\"@id\":\"https:\/\/anaespiritosanto.pt\/?page_id=280#primaryimage\",\"url\":\"https:\/\/anaespiritosanto.pt\/wp-content\/uploads\/2025\/04\/IMG-20250422-WA0003-1.jpg\",\"contentUrl\":\"https:\/\/anaespiritosanto.pt\/wp-content\/uploads\/2025\/04\/IMG-20250422-WA0003-1.jpg\",\"width\":922,\"height\":1607,\"caption\":\"Corpo\"},{\"@type\":\"BreadcrumbList\",\"@id\":\"https:\/\/anaespiritosanto.pt\/?page_id=280#breadcrumb\",\"itemListElement\":[{\"@type\":\"ListItem\",\"position\":1,\"name\":\"In\u00edcio\",\"item\":\"https:\/\/anaespiritosanto.pt\/\"},{\"@type\":\"ListItem\",\"position\":2,\"name\":\"Corpo\"}]},{\"@type\":\"WebSite\",\"@id\":\"https:\/\/anaespiritosanto.pt\/#website\",\"url\":\"https:\/\/anaespiritosanto.pt\/\",\"name\":\"Ana Esp\u00edrito Santo, Healthcare\",\"description\":\"Enferemeira\",\"publisher\":{\"@id\":\"https:\/\/anaespiritosanto.pt\/#organization\"},\"potentialAction\":[{\"@type\":\"SearchAction\",\"target\":{\"@type\":\"EntryPoint\",\"urlTemplate\":\"https:\/\/anaespiritosanto.pt\/?s={search_term_string}\"},\"query-input\":{\"@type\":\"PropertyValueSpecification\",\"valueRequired\":true,\"valueName\":\"search_term_string\"}}],\"inLanguage\":\"pt-PT\"},{\"@type\":\"Organization\",\"@id\":\"https:\/\/anaespiritosanto.pt\/#organization\",\"name\":\"Ana Esp\u00edrito Santo, Healthcare\",\"url\":\"https:\/\/anaespiritosanto.pt\/\",\"logo\":{\"@type\":\"ImageObject\",\"inLanguage\":\"pt-PT\",\"@id\":\"https:\/\/anaespiritosanto.pt\/#\/schema\/logo\/image\/\",\"url\":\"https:\/\/anaespiritosanto.pt\/wp-content\/uploads\/2025\/03\/Ana-Luisa-1-1-300x300-1.png\",\"contentUrl\":\"https:\/\/anaespiritosanto.pt\/wp-content\/uploads\/2025\/03\/Ana-Luisa-1-1-300x300-1.png\",\"width\":300,\"height\":300,\"caption\":\"Ana Esp\u00edrito Santo, Healthcare\"},\"image\":{\"@id\":\"https:\/\/anaespiritosanto.pt\/#\/schema\/logo\/image\/\"}}]}<\/script>\n<!-- \/ Yoast SEO plugin. -->","yoast_head_json":{"title":"Corpo - Ana Esp\u00edrito Santo, Healthcare","description":"Tratamentos de corpo para recupera\u00e7\u00e3o p\u00f3s-parto, incontin\u00eancia urin\u00e1ria, celulite, gordura localizada, flacidez, estrias.","robots":{"index":"index","follow":"follow","max-snippet":"max-snippet:-1","max-image-preview":"max-image-preview:large","max-video-preview":"max-video-preview:-1"},"canonical":"https:\/\/anaespiritosanto.pt\/?page_id=280","og_locale":"pt_PT","og_type":"article","og_title":"Corpo - Ana Esp\u00edrito Santo, Healthcare","og_description":"Tratamentos de corpo para recupera\u00e7\u00e3o p\u00f3s-parto, incontin\u00eancia urin\u00e1ria, celulite, gordura localizada, flacidez, estrias.","og_url":"https:\/\/anaespiritosanto.pt\/?page_id=280","og_site_name":"Ana Esp\u00edrito Santo, Healthcare","article_modified_time":"2025-04-22T18:13:20+00:00","og_image":[{"width":922,"height":1607,"url":"https:\/\/anaespiritosanto.pt\/wp-content\/uploads\/2025\/04\/IMG-20250422-WA0003-1.jpg","type":"image\/jpeg"}],"twitter_card":"summary_large_image","twitter_misc":{"Est. reading time":"4 minutos"},"schema":{"@context":"https:\/\/schema.org","@graph":[{"@type":"WebPage","@id":"https:\/\/anaespiritosanto.pt\/?page_id=280","url":"https:\/\/anaespiritosanto.pt\/?page_id=280","name":"Corpo - Ana Esp\u00edrito Santo, Healthcare","isPartOf":{"@id":"https:\/\/anaespiritosanto.pt\/#website"},"primaryImageOfPage":{"@id":"https:\/\/anaespiritosanto.pt\/?page_id=280#primaryimage"},"image":{"@id":"https:\/\/anaespiritosanto.pt\/?page_id=280#primaryimage"},"thumbnailUrl":"https:\/\/anaespiritosanto.pt\/wp-content\/uploads\/2025\/04\/IMG-20250422-WA0003-1.jpg","datePublished":"2025-04-22T16:51:50+00:00","dateModified":"2025-04-22T18:13:20+00:00","description":"Tratamentos de corpo para recupera\u00e7\u00e3o p\u00f3s-parto, incontin\u00eancia urin\u00e1ria, celulite, gordura localizada, flacidez, estrias.","breadcrumb":{"@id":"https:\/\/anaespiritosanto.pt\/?page_id=280#breadcrumb"},"inLanguage":"pt-PT","potentialAction":[{"@type":"ReadAction","target":["https:\/\/anaespiritosanto.pt\/?page_id=280"]}]},{"@type":"ImageObject","inLanguage":"pt-PT","@id":"https:\/\/anaespiritosanto.pt\/?page_id=280#primaryimage","url":"https:\/\/anaespiritosanto.pt\/wp-content\/uploads\/2025\/04\/IMG-20250422-WA0003-1.jpg","contentUrl":"https:\/\/anaespiritosanto.pt\/wp-content\/uploads\/2025\/04\/IMG-20250422-WA0003-1.jpg","width":922,"height":1607,"caption":"Corpo"},{"@type":"BreadcrumbList","@id":"https:\/\/anaespiritosanto.pt\/?page_id=280#breadcrumb","itemListElement":[{"@type":"ListItem","position":1,"name":"In\u00edcio","item":"https:\/\/anaespiritosanto.pt\/"},{"@type":"ListItem","position":2,"name":"Corpo"}]},{"@type":"WebSite","@id":"https:\/\/anaespiritosanto.pt\/#website","url":"https:\/\/anaespiritosanto.pt\/","name":"Ana Esp\u00edrito Santo, Healthcare","description":"Enferemeira","publisher":{"@id":"https:\/\/anaespiritosanto.pt\/#organization"},"potentialAction":[{"@type":"SearchAction","target":{"@type":"EntryPoint","urlTemplate":"https:\/\/anaespiritosanto.pt\/?s={search_term_string}"},"query-input":{"@type":"PropertyValueSpecification","valueRequired":true,"valueName":"search_term_string"}}],"inLanguage":"pt-PT"},{"@type":"Organization","@id":"https:\/\/anaespiritosanto.pt\/#organization","name":"Ana Esp\u00edrito Santo, Healthcare","url":"https:\/\/anaespiritosanto.pt\/","logo":{"@type":"ImageObject","inLanguage":"pt-PT","@id":"https:\/\/anaespiritosanto.pt\/#\/schema\/logo\/image\/","url":"https:\/\/anaespiritosanto.pt\/wp-content\/uploads\/2025\/03\/Ana-Luisa-1-1-300x300-1.png","contentUrl":"https:\/\/anaespiritosanto.pt\/wp-content\/uploads\/2025\/03\/Ana-Luisa-1-1-300x300-1.png","width":300,"height":300,"caption":"Ana Esp\u00edrito Santo, Healthcare"},"image":{"@id":"https:\/\/anaespiritosanto.pt\/#\/schema\/logo\/image\/"}}]}},"_links":{"self":[{"href":"https:\/\/anaespiritosanto.pt\/index.php?rest_route=\/wp\/v2\/pages\/280","targetHints":{"allow":["GET"]}}],"collection":[{"href":"https:\/\/anaespiritosanto.pt\/index.php?rest_route=\/wp\/v2\/pages"}],"about":[{"href":"https:\/\/anaespiritosanto.pt\/index.php?rest_route=\/wp\/v2\/types\/page"}],"author":[{"embeddable":true,"href":"https:\/\/anaespiritosanto.pt\/index.php?rest_route=\/wp\/v2\/users\/1"}],"replies":[{"embeddable":true,"href":"https:\/\/anaespiritosanto.pt\/index.php?rest_route=%2Fwp%2Fv2%2Fcomments&post=280"}],"version-history":[{"count":13,"href":"https:\/\/anaespiritosanto.pt\/index.php?rest_route=\/wp\/v2\/pages\/280\/revisions"}],"predecessor-version":[{"id":310,"href":"https:\/\/anaespiritosanto.pt\/index.php?rest_route=\/wp\/v2\/pages\/280\/revisions\/310"}],"wp:featuredmedia":[{"embeddable":true,"href":"https:\/\/anaespiritosanto.pt\/index.php?rest_route=\/wp\/v2\/media\/308"}],"wp:attachment":[{"href":"https:\/\/anaespiritosanto.pt\/index.php?rest_route=%2Fwp%2Fv2%2Fmedia&parent=280"}],"curies":[{"name":"wp","href":"https:\/\/api.w.org\/{rel}","templated":true}]}}