{"id":141,"date":"2025-03-25T14:06:08","date_gmt":"2025-03-25T14:06:08","guid":{"rendered":"https:\/\/anaespiritosanto.pt\/?page_id=141"},"modified":"2025-03-26T13:41:55","modified_gmt":"2025-03-26T13:41:55","slug":"massagem-terapeutica","status":"publish","type":"page","link":"https:\/\/anaespiritosanto.pt\/?page_id=141","title":{"rendered":"Massagem Terap\u00eautica"},"content":{"rendered":"\n<p class=\"has-poppins-font-family\">A massagem terap\u00eautica utiliza um conjunto de t\u00e9cnicas espec\u00edficas orientadas para aumentar a flexibilidade e garantir relaxamento muscular, dando especial aten\u00e7\u00e3o a determinadas grupos musculares do corpo, conforme o problema subjacente.<br>Visa o tratamento de problemas cr\u00f3nicos ou agudos associados a les\u00f5es, uso excessivo, processos degenerativos, dos quais resultam dor \u00a0ou limita\u00e7\u00e3o da zona afetada. Tem um impacto muito positivo pelo alivio imediato da dor local, diminui\u00e7\u00e3o da tens\u00e3o muscular, redu\u00e7\u00e3o da inflama\u00e7\u00e3o local e stress. O objetivo \u00e9 a recupera\u00e7\u00e3o gradual da zona afetada, manipulando os tecidos moles para o al\u00edvio das tens\u00f5es musculares, resultando no bem-estar geral do corpo. A massagem terap\u00eautica pode ser associada a <a href=\"https:\/\/anaespiritosanto.pt\/?page_id=116\">acupuntura<\/a> realizada na mesma sess\u00e3o, se assim for necess\u00e1rio. <\/p>\n\n\n\n<p class=\"has-poppins-font-family\">Os problemas mais comuns s\u00e3o: <\/p>\n\n\n\n<ul class=\"wp-block-list\">\n<li class=\"has-poppins-font-family\">torcicolo e pesco\u00e7o r\u00edgido<\/li>\n\n\n\n<li class=\"has-poppins-font-family\">lombalgia, <\/li>\n\n\n\n<li class=\"has-poppins-font-family\">ombro doloroso<\/li>\n\n\n\n<li class=\"has-poppins-font-family\">ci\u00e1tica<\/li>\n\n\n\n<li class=\"has-poppins-font-family\">dor\/les\u00e3o muscular nos membros inferiores. <br><\/li>\n<\/ul>\n\n\n\n<p class=\"has-poppins-font-family\">No \u00e2mbito da massagem existe a drenagem linf\u00e1tica que tem o objetivo de ativar a circula\u00e7\u00e3o linf\u00e1tica, eliminar as toxinas e diminuir o edema.<\/p>\n\n\n\n<p class=\"has-poppins-font-family\">Esta massagem tem \u00f3ptimos resultados para as pessoas que t\u00eam reten\u00e7\u00e3o de l\u00edquidos devido ao seu efeito drenante e desintoxicante, especialmente em casos de pernas cansadas e inchadas.<\/p>\n\n\n\n<p class=\"has-poppins-font-family\">\u00c9 um tipo de massagem \u00a0tamb\u00e9m indicado como complemento aos tratamentos anti-celuliticos, pois promove a elimina\u00e7\u00e3o de gordura pela linfa, optimiza o metabolismo dos tecidos e melhora o aspeto da pele.<\/p>\n\n\n\n<p class=\"has-poppins-font-family\">No p\u00f3s-operat\u00f3rio e recupera\u00e7\u00e3o de cirurgia est\u00e9tica (especialmente lipo-aspira\u00e7\u00e3o) a drenagem linf\u00e1tica auxilia na reabsor\u00e7\u00e3o e limpeza de hematomas e toxicidade acumulados.<\/p>\n\n\n\n<p><\/p>\n","protected":false},"excerpt":{"rendered":"<p>A massagem terap\u00eautica utiliza um conjunto de t\u00e9cnicas espec\u00edficas orientadas para aumentar a flexibilidade e garantir relaxamento muscular, dando especial aten\u00e7\u00e3o a determinadas grupos musculares do corpo, conforme o problema subjacente.Visa o tratamento de problemas cr\u00f3nicos ou agudos associados a les\u00f5es, uso excessivo, processos degenerativos, dos quais resultam dor \u00a0ou limita\u00e7\u00e3o da zona afetada. Tem [&hellip;]<\/p>\n","protected":false},"author":1,"featured_media":178,"parent":0,"menu_order":0,"comment_status":"closed","ping_status":"closed","template":"","meta":{"footnotes":""},"class_list":["post-141","page","type-page","status-publish","has-post-thumbnail","hentry"],"yoast_head":"<!-- This site is optimized with the Yoast SEO plugin v24.7 - https:\/\/yoast.com\/wordpress\/plugins\/seo\/ -->\n<title>Massagem Terap\u00eautica - Ana Esp\u00edrito Santo, Healthcare<\/title>\n<meta name=\"description\" content=\"A massagem terap\u00eautica serve para o alivio de dor e tens\u00e3o muscular. Recupera\u00e7\u00e3o de fadiga f\u00edsica. Diminui\u00e7\u00e3o de stress e rigidez muscular.\" \/>\n<meta name=\"robots\" content=\"index, follow, max-snippet:-1, max-image-preview:large, max-video-preview:-1\" \/>\n<link rel=\"canonical\" href=\"https:\/\/anaespiritosanto.pt\/?page_id=141\" \/>\n<meta property=\"og:locale\" content=\"pt_PT\" \/>\n<meta property=\"og:type\" content=\"article\" \/>\n<meta property=\"og:title\" content=\"Massagem Terap\u00eautica - Ana Esp\u00edrito Santo, Healthcare\" \/>\n<meta property=\"og:description\" content=\"A massagem terap\u00eautica serve para o alivio de dor e tens\u00e3o muscular. Recupera\u00e7\u00e3o de fadiga f\u00edsica. Diminui\u00e7\u00e3o de stress e rigidez muscular.\" \/>\n<meta property=\"og:url\" content=\"https:\/\/anaespiritosanto.pt\/?page_id=141\" \/>\n<meta property=\"og:site_name\" content=\"Ana Esp\u00edrito Santo, Healthcare\" \/>\n<meta property=\"article:modified_time\" content=\"2025-03-26T13:41:55+00:00\" \/>\n<meta property=\"og:image\" content=\"https:\/\/anaespiritosanto.pt\/wp-content\/uploads\/2025\/03\/babbbb.jpg\" \/>\n\t<meta property=\"og:image:width\" content=\"900\" \/>\n\t<meta property=\"og:image:height\" content=\"500\" \/>\n\t<meta property=\"og:image:type\" content=\"image\/jpeg\" \/>\n<meta name=\"twitter:card\" content=\"summary_large_image\" \/>\n<meta name=\"twitter:label1\" content=\"Est. reading time\" \/>\n\t<meta name=\"twitter:data1\" content=\"2 minutos\" \/>\n<script type=\"application\/ld+json\" class=\"yoast-schema-graph\">{\"@context\":\"https:\/\/schema.org\",\"@graph\":[{\"@type\":\"WebPage\",\"@id\":\"https:\/\/anaespiritosanto.pt\/?page_id=141\",\"url\":\"https:\/\/anaespiritosanto.pt\/?page_id=141\",\"name\":\"Massagem Terap\u00eautica - Ana Esp\u00edrito Santo, Healthcare\",\"isPartOf\":{\"@id\":\"https:\/\/anaespiritosanto.pt\/#website\"},\"primaryImageOfPage\":{\"@id\":\"https:\/\/anaespiritosanto.pt\/?page_id=141#primaryimage\"},\"image\":{\"@id\":\"https:\/\/anaespiritosanto.pt\/?page_id=141#primaryimage\"},\"thumbnailUrl\":\"https:\/\/anaespiritosanto.pt\/wp-content\/uploads\/2025\/03\/babbbb.jpg\",\"datePublished\":\"2025-03-25T14:06:08+00:00\",\"dateModified\":\"2025-03-26T13:41:55+00:00\",\"description\":\"A massagem terap\u00eautica serve para o alivio de dor e tens\u00e3o muscular. Recupera\u00e7\u00e3o de fadiga f\u00edsica. Diminui\u00e7\u00e3o de stress e rigidez muscular.\",\"breadcrumb\":{\"@id\":\"https:\/\/anaespiritosanto.pt\/?page_id=141#breadcrumb\"},\"inLanguage\":\"pt-PT\",\"potentialAction\":[{\"@type\":\"ReadAction\",\"target\":[\"https:\/\/anaespiritosanto.pt\/?page_id=141\"]}]},{\"@type\":\"ImageObject\",\"inLanguage\":\"pt-PT\",\"@id\":\"https:\/\/anaespiritosanto.pt\/?page_id=141#primaryimage\",\"url\":\"https:\/\/anaespiritosanto.pt\/wp-content\/uploads\/2025\/03\/babbbb.jpg\",\"contentUrl\":\"https:\/\/anaespiritosanto.pt\/wp-content\/uploads\/2025\/03\/babbbb.jpg\",\"width\":900,\"height\":500,\"caption\":\"Massagem terap\u00eautica\"},{\"@type\":\"BreadcrumbList\",\"@id\":\"https:\/\/anaespiritosanto.pt\/?page_id=141#breadcrumb\",\"itemListElement\":[{\"@type\":\"ListItem\",\"position\":1,\"name\":\"In\u00edcio\",\"item\":\"https:\/\/anaespiritosanto.pt\/\"},{\"@type\":\"ListItem\",\"position\":2,\"name\":\"Massagem Terap\u00eautica\"}]},{\"@type\":\"WebSite\",\"@id\":\"https:\/\/anaespiritosanto.pt\/#website\",\"url\":\"https:\/\/anaespiritosanto.pt\/\",\"name\":\"Ana Esp\u00edrito Santo, Healthcare\",\"description\":\"Enferemeira\",\"publisher\":{\"@id\":\"https:\/\/anaespiritosanto.pt\/#organization\"},\"potentialAction\":[{\"@type\":\"SearchAction\",\"target\":{\"@type\":\"EntryPoint\",\"urlTemplate\":\"https:\/\/anaespiritosanto.pt\/?s={search_term_string}\"},\"query-input\":{\"@type\":\"PropertyValueSpecification\",\"valueRequired\":true,\"valueName\":\"search_term_string\"}}],\"inLanguage\":\"pt-PT\"},{\"@type\":\"Organization\",\"@id\":\"https:\/\/anaespiritosanto.pt\/#organization\",\"name\":\"Ana Esp\u00edrito Santo, Healthcare\",\"url\":\"https:\/\/anaespiritosanto.pt\/\",\"logo\":{\"@type\":\"ImageObject\",\"inLanguage\":\"pt-PT\",\"@id\":\"https:\/\/anaespiritosanto.pt\/#\/schema\/logo\/image\/\",\"url\":\"https:\/\/anaespiritosanto.pt\/wp-content\/uploads\/2025\/03\/Ana-Luisa-1-1-300x300-1.png\",\"contentUrl\":\"https:\/\/anaespiritosanto.pt\/wp-content\/uploads\/2025\/03\/Ana-Luisa-1-1-300x300-1.png\",\"width\":300,\"height\":300,\"caption\":\"Ana Esp\u00edrito Santo, Healthcare\"},\"image\":{\"@id\":\"https:\/\/anaespiritosanto.pt\/#\/schema\/logo\/image\/\"}}]}<\/script>\n<!-- \/ Yoast SEO plugin. -->","yoast_head_json":{"title":"Massagem Terap\u00eautica - Ana Esp\u00edrito Santo, Healthcare","description":"A massagem terap\u00eautica serve para o alivio de dor e tens\u00e3o muscular. Recupera\u00e7\u00e3o de fadiga f\u00edsica. Diminui\u00e7\u00e3o de stress e rigidez muscular.","robots":{"index":"index","follow":"follow","max-snippet":"max-snippet:-1","max-image-preview":"max-image-preview:large","max-video-preview":"max-video-preview:-1"},"canonical":"https:\/\/anaespiritosanto.pt\/?page_id=141","og_locale":"pt_PT","og_type":"article","og_title":"Massagem Terap\u00eautica - Ana Esp\u00edrito Santo, Healthcare","og_description":"A massagem terap\u00eautica serve para o alivio de dor e tens\u00e3o muscular. Recupera\u00e7\u00e3o de fadiga f\u00edsica. Diminui\u00e7\u00e3o de stress e rigidez muscular.","og_url":"https:\/\/anaespiritosanto.pt\/?page_id=141","og_site_name":"Ana Esp\u00edrito Santo, Healthcare","article_modified_time":"2025-03-26T13:41:55+00:00","og_image":[{"width":900,"height":500,"url":"https:\/\/anaespiritosanto.pt\/wp-content\/uploads\/2025\/03\/babbbb.jpg","type":"image\/jpeg"}],"twitter_card":"summary_large_image","twitter_misc":{"Est. reading time":"2 minutos"},"schema":{"@context":"https:\/\/schema.org","@graph":[{"@type":"WebPage","@id":"https:\/\/anaespiritosanto.pt\/?page_id=141","url":"https:\/\/anaespiritosanto.pt\/?page_id=141","name":"Massagem Terap\u00eautica - Ana Esp\u00edrito Santo, Healthcare","isPartOf":{"@id":"https:\/\/anaespiritosanto.pt\/#website"},"primaryImageOfPage":{"@id":"https:\/\/anaespiritosanto.pt\/?page_id=141#primaryimage"},"image":{"@id":"https:\/\/anaespiritosanto.pt\/?page_id=141#primaryimage"},"thumbnailUrl":"https:\/\/anaespiritosanto.pt\/wp-content\/uploads\/2025\/03\/babbbb.jpg","datePublished":"2025-03-25T14:06:08+00:00","dateModified":"2025-03-26T13:41:55+00:00","description":"A massagem terap\u00eautica serve para o alivio de dor e tens\u00e3o muscular. Recupera\u00e7\u00e3o de fadiga f\u00edsica. Diminui\u00e7\u00e3o de stress e rigidez muscular.","breadcrumb":{"@id":"https:\/\/anaespiritosanto.pt\/?page_id=141#breadcrumb"},"inLanguage":"pt-PT","potentialAction":[{"@type":"ReadAction","target":["https:\/\/anaespiritosanto.pt\/?page_id=141"]}]},{"@type":"ImageObject","inLanguage":"pt-PT","@id":"https:\/\/anaespiritosanto.pt\/?page_id=141#primaryimage","url":"https:\/\/anaespiritosanto.pt\/wp-content\/uploads\/2025\/03\/babbbb.jpg","contentUrl":"https:\/\/anaespiritosanto.pt\/wp-content\/uploads\/2025\/03\/babbbb.jpg","width":900,"height":500,"caption":"Massagem terap\u00eautica"},{"@type":"BreadcrumbList","@id":"https:\/\/anaespiritosanto.pt\/?page_id=141#breadcrumb","itemListElement":[{"@type":"ListItem","position":1,"name":"In\u00edcio","item":"https:\/\/anaespiritosanto.pt\/"},{"@type":"ListItem","position":2,"name":"Massagem Terap\u00eautica"}]},{"@type":"WebSite","@id":"https:\/\/anaespiritosanto.pt\/#website","url":"https:\/\/anaespiritosanto.pt\/","name":"Ana Esp\u00edrito Santo, Healthcare","description":"Enferemeira","publisher":{"@id":"https:\/\/anaespiritosanto.pt\/#organization"},"potentialAction":[{"@type":"SearchAction","target":{"@type":"EntryPoint","urlTemplate":"https:\/\/anaespiritosanto.pt\/?s={search_term_string}"},"query-input":{"@type":"PropertyValueSpecification","valueRequired":true,"valueName":"search_term_string"}}],"inLanguage":"pt-PT"},{"@type":"Organization","@id":"https:\/\/anaespiritosanto.pt\/#organization","name":"Ana Esp\u00edrito Santo, Healthcare","url":"https:\/\/anaespiritosanto.pt\/","logo":{"@type":"ImageObject","inLanguage":"pt-PT","@id":"https:\/\/anaespiritosanto.pt\/#\/schema\/logo\/image\/","url":"https:\/\/anaespiritosanto.pt\/wp-content\/uploads\/2025\/03\/Ana-Luisa-1-1-300x300-1.png","contentUrl":"https:\/\/anaespiritosanto.pt\/wp-content\/uploads\/2025\/03\/Ana-Luisa-1-1-300x300-1.png","width":300,"height":300,"caption":"Ana Esp\u00edrito Santo, Healthcare"},"image":{"@id":"https:\/\/anaespiritosanto.pt\/#\/schema\/logo\/image\/"}}]}},"_links":{"self":[{"href":"https:\/\/anaespiritosanto.pt\/index.php?rest_route=\/wp\/v2\/pages\/141","targetHints":{"allow":["GET"]}}],"collection":[{"href":"https:\/\/anaespiritosanto.pt\/index.php?rest_route=\/wp\/v2\/pages"}],"about":[{"href":"https:\/\/anaespiritosanto.pt\/index.php?rest_route=\/wp\/v2\/types\/page"}],"author":[{"embeddable":true,"href":"https:\/\/anaespiritosanto.pt\/index.php?rest_route=\/wp\/v2\/users\/1"}],"replies":[{"embeddable":true,"href":"https:\/\/anaespiritosanto.pt\/index.php?rest_route=%2Fwp%2Fv2%2Fcomments&post=141"}],"version-history":[{"count":2,"href":"https:\/\/anaespiritosanto.pt\/index.php?rest_route=\/wp\/v2\/pages\/141\/revisions"}],"predecessor-version":[{"id":180,"href":"https:\/\/anaespiritosanto.pt\/index.php?rest_route=\/wp\/v2\/pages\/141\/revisions\/180"}],"wp:featuredmedia":[{"embeddable":true,"href":"https:\/\/anaespiritosanto.pt\/index.php?rest_route=\/wp\/v2\/media\/178"}],"wp:attachment":[{"href":"https:\/\/anaespiritosanto.pt\/index.php?rest_route=%2Fwp%2Fv2%2Fmedia&parent=141"}],"curies":[{"name":"wp","href":"https:\/\/api.w.org\/{rel}","templated":true}]}}